ivided by w.
10
Let r = 13 + 33. Suppose -r = -5*d + 54. Calculate the remainder when d is divided by 11.
9
Let r(y) = y**3 + 13*y**2 + 2*y - 5. Let u be r(-5). Suppose -w + 30 = 2*f, -5*w - 2*f - f = -u. What is the remainder when w is divided by 14?
12
Let s(g) be the second derivative of -1/12*g**4 + 1/10*g**5 + 3/2*g**2 + 0 - 2/3*g**3 - g. What is the remainder when 12 is divided by s(2)?
5
Suppose 4*h - 31 = 3*h. Let w(n) = n**3 - n**2 + 3*n - 2. Let s = 4 + -2. Calculate the remainder when h is divided by w(s).
7
Let x = -98 + 103. Calculate the remainder when 6 is divided by x.
1
Let j = 120 + -105. What is the remainder when 26 is divided by j?
11
Let o = 188 - 171. Let i(j) = -15*j + 1. What is the remainder when i(-2) is divided by o?
14
Let b be 6/2 + 0 + -69. Let j be 24/(-10) - (-2)/5. Calculate the remainder when (-4 + 5)/(j/b) is divided by 9.
6
Let o = -31 - -52. Calculate the remainder when o is divided by 8.
5
Suppose 5*c = -5*h + 125, 5*c + 4*h - 5*h = 113. What is the remainder when 113 is divided by c?
21
Let u(j) = 1. Let i(x) = 14*x - 8. Let r(p) = i(p) + 5*u(p). Let d be r(2). Suppose -b - d = -6*b. Calculate the remainder when b is divided by 2.
1
Let i = -134 - -242. Suppose 0 = -0*m - 4*m - i. Let s = m + 52. Calculate the remainder when s is divided by 13.
12
Calculate the remainder when 39 is divided by -4 - (-16 - 4/(-1)).
7
Suppose 0 = -4*v + 20, -2*v = 3*t - 3*v - 4. What is the remainder when 8 is divided by t?
2
Let q = -59 + 103. Let n = -66 + q. Let m = 33 + n. Calculate the remainder when 32 is divided by m.
10
Let h(a) = a**3 + 5*a**2 - 5*a + 8. What is the remainder when 74 is divided by h(-5)?
8
Calculate the remainder when (27/5)/(5/25) is divided by 10.
7
Suppose h + 2*c - 10 = 0, 4*h - c - 70 = c. What is the remainder when 67 is divided by 0 - 2 - (-304)/h?
16
Let o = -51 + 100. Let n = -6 - -23. Calculate the remainder when o is divided by n.
15
Let k = 0 + 40. What is the remainder when k is divided by 21?
19
Suppose -2*h = h + 105. Let q = 49 + h. Suppose 0*r = 5*z + 4*r - 207, 2*r + 72 = 2*z. What is the remainder when z is divided by q?
11
Suppose -7*i + 9*i - 10 = 0. Suppose -4*x + 0 = -2*r + 4, 0 = -4*r + 2*x + 38. What is the remainder when r is divided by i?
2
Suppose 21*t - 277 = 59. What is the remainder when 143 is divided by t?
15
Let q be ((-3 + -4)*-2)/1. Calculate the remainder when (-2)/q - 242/(-77) is divided by 3.
0
Calculate the remainder when 34 is divided by -1 + ((-6)/(-2) - -4).
4
Let a = 50 - 39. What is the remainder when 162 is divided by a?
8
Suppose 0*s - 4*s + 28 = 0. Suppose -c - 5 = -s. Calculate the remainder when -3*1*4/(-3) is divided by c.
0
Let q(s) = -2*s - 16. Let k(g) = g + 1. Let d(i) = 6*k(i) + q(i). Let x be (-28)/(-1)*(-6)/(-24). What is the remainder when d(x) is divided by 10?
8
Let w = 9 - 5. Suppose -r + 2*p + 48 = 0, 5*r - 265 = w*p + p. Suppose 5*j = 3*j + r. What is the remainder when j is divided by 15?
14
Let k(u) = -u + 3. Let w be k(3). Suppose w = -f + 7 + 8. Let z = f - 8. Calculate the remainder when 18 is divided by z.
4
Let l(g) be the first derivative of -6*g**2 - g + 1. Let j(c) = -c**3 + 3*c**2 + 5*c - 6. Let q be j(4). What is the remainder when l(q) is divided by 12?
11
What is the remainder when 47 is divided by 1/((-1)/2) + 15?
8
Suppose 3*y + i - 94 = 0, -i - 44 = -2*y + 3*i. What is the remainder when 119 is divided by y?
29
Let g = 6 - -37. Let x = 36 - 21. Calculate the remainder when g is divided by x.
13
Suppose -1 = -o, 3*n - 4*n - o + 14 = 0. What is the remainder when n is divided by 3?
1
Let j be ((-24)/(-4) - 2) + -4. Suppose -y + 9 + 12 = j. Calculate the remainder when 82 is divided by y.
19
Suppose -15*z + 10*z = -60. Calculate the remainder when 35 is divided by z.
11
Let t(b) = -18*b - 12. What is the remainder when t(-4) is divided by 31?
29
Let o(p) = -16*p**2 + 49*p - 21. Let l(n) = -4*n**2 + 12*n - 5. Let h(u) = -9*l(u) + 2*o(u). Calculate the remainder when h(7) is divided by 33.
30
Let q(o) = o**2 + 7*o + 1. Let r be q(-7). Let t(x) = 0*x - 1 + 0*x**2 + 2*x + 9*x**2. Calculate the remainder when 19 is divided by t(r).
9
Suppose 6*r - 24 = 3*r. Let y be -2 + -14 + 2/2. What is the remainder when (1 + -4)/(3/y) is divided by r?
7
Let p(a) = 5*a**3 - 2*a**2 + 2*a - 1. Let o be p(1). Suppose o*t - 14 - 6 = 0. What is the remainder when (330/t)/(6/4) is divided by 15?
14
Suppose 21 = k + m, 6*k - 2*k - 2*m = 108. What is the remainder when k is divided by 13?
12
Let h be (-4 - (1 + 1)) + 1. Let k(p) = -5*p - 6. Calculate the remainder when 36 is divided by k(h).
17
Let h = 2 - 2. Suppose h = 4*d - 0*b - 2*b - 32, 5*b + 24 = 2*d. What is the remainder when -3*(75/(-9) + 0) is divided by d?
4
Let x = 8 + -3. Suppose o - 2*k + 4 = -12, 50 = -x*o + 4*k. Calculate the remainder when (-40)/o + 12/(-18) is divided by 4.
2
Suppose 11 = -5*w - 14, 305 = 5*o + 3*w. Suppose 7*c - o = 3*c. Calculate the remainder when 77 is divided by c.
13
Let a = 56 + -86. Let v = 83 + a. Let y = 23 + -5. What is the remainder when v is divided by y?
17
Let j = 37 + -8. Calculate the remainder when j is divided by 6.
5
Let c = 35 - -41. What is the remainder when c is divided by 6?
4
Calculate the remainder when 16 is divided by (-1)/((-12)/117) + (-6)/8.
7
Suppose 0 = 8*l - 13 - 3. What is the remainder when 28 is divided by l?
0
Let b = -11 - -33. Calculate the remainder when (27/18)/(3/b) is divided by 3.
2
Let t(c) = 4*c - 1. Let i be t(-1). What is the remainder when -1*63*(4 + i) is divided by 22?
19
Suppose y = c - 0 - 12, y + 16 = -3*c. What is the remainder when 38 is divided by y/2*(-5 - -3)?
12
Let h be (-11 - 4) + (0 - 1). Let z be (-4)/h - 14/(-8). Suppose 3*o - 13 = -i + 2*i, z*i - 4 = 0. Calculate the remainder when o is divided by 3.
2
Let x = 10 + 15. Suppose m - 4*u = 10, 2*m + x = -5*u + 84. Calculate the remainder when 42 is divided by m.
20
Let t = 7 - 5. Suppose -t*a = 2*a - 8. What is the remainder when a is divided by 1?
0
Let q = -11 - -81. What is the remainder when q is divided by 18?
16
Let i(b) = -7*b - 15. Let t be i(-12). Suppose -a - t = -4*a. Calculate the remainder when 90 is divided by a.
21
Suppose -y = -2*v - 2*v + 3, 5*v = -4*y - 12. Suppose 4 = 3*n - b, v = 4*n + 5*b + 1. Let p = 5 - 4. What is the remainder when n is divided by p?
0
Suppose 0 = 5*b - 14 - 1. Suppose 2*j - b*l - 8 = 14, -2*j = 2*l - 32. What is the remainder when 26 is divided by j?
12
Suppose 3*j = -4*t + 38, 34 + 60 = 5*j - t. Let l = j + 0. Calculate the remainder when 34 is divided by l.
16
Suppose 0 = -4*g + 312 + 144. Calculate the remainder when g is divided by 24.
18
Let j(u) = -u**2 - 11*u - 16. Calculate the remainder when 35 is divided by j(-7).
11
Let r(l) = -l**3 - 7*l**2 - 4*l + 14. What is the remainder when 7 is divided by r(-6)?
1
Let i(w) = 2*w**2 + 5*w - 18. Calculate the remainder when i(-8) is divided by 12.
10
Let t = 45 - 39. Suppose 0 = -3*c - 0*c + 12. What is the remainder when t is divided by c?
2
Let s(i) = -i**3 + 8*i**2 + 11*i - 3. What is the remainder when 59 is divided by s(9)?
14
Let o = -1 + 167. Suppose o = g + 3*g + 2*r, -2*g + 85 = -r. Suppose 0 = -2*l - 0*l + 22. What is the remainder when g is divided by l?
9
Let u = -3 + 8. Suppose 3*c + 2 - u = 0. Suppose -4*o + 1 + 3 = 0. What is the remainder when c is divided by o?
0
Suppose 0 = -4*f - 5*r + 130, f + 4*r = -0*f + 27. Suppose 5*n + 2*a - 23 = 16, 21 = 2*n - a. Suppose 3 = m - n. What is the remainder when f is divided by m?
11
Let k(u) = -u**2 + 3. Let q be k(0). Suppose 3*r + 9 = q. What is the remainder when 41 is divided by (28/(-10))/(r/10)?
13
Suppose -6 = 5*l + b + 8, 0 = -2*l + b. Let h = 61 - 50. What is the remainder when ((-1)/(-2))/(l/(-128)) is divided by h?
10
Let w(n) = -n - 10. Let i be w(9). Let c = 34 + i. What is the remainder when c is divided by 9?
6
Let r be 2 - (0 + 4 + 18). Let a = 2 - r. Calculate the remainder when 87 is divided by a.
21
Let u(x) = -x**2 - 5*x - 1. Let c be u(-5). Calculate the remainder when 6 is divided by (c + 0)/((-1)/4).
2
Suppose -3*r = 5*v - 114, -3*v + 128 = 2*v - 4*r. Suppose -v = -5*y + 1. Calculate the remainder when 13 is divided by y.
3
Let u = -103 - -144. Let p be 17/4 + (-9)/(-12) + 